{"id":3779,"date":"2016-12-13T14:48:56","date_gmt":"2016-12-13T13:48:56","guid":{"rendered":"http:\/\/www.wind99.com\/?post_type=testi&amp;p=3779\/"},"modified":"2016-12-13T14:48:56","modified_gmt":"2016-12-13T13:48:56","slug":"marco","status":"publish","type":"testi","link":"https:\/\/www.wind99.com\/en\/testi\/marco\/","title":{"rendered":"Marco"},"content":{"rendered":"<p>Hallo liebe Heti und lieber Andreas, vielen Dank f\u00fcr die sch\u00f6ne Zeit bei Euch im Surfkurs. Insbesondere ein Dank f\u00fcr Eure Geduld im Umgang mit unseren Zwergen. Die Kinder (Lisa, Laura und Maxie) sind auch heut noch begeistert von Ihrem Surfkurs und tragen stolz Ihre Ketten (mit Surfboardanh\u00e4nger). F\u00fcr Euch eine sch\u00f6ne Zeit w\u00fcnschen Lydia,Yvonne,Lars,Laura,Lisa, Maxie und Marco aus Panketal\/Vogelsdorf bei Berlin.<\/p>\n","protected":false},"featured_media":0,"template":"","meta":{"_uag_custom_page_level_css":"","site-sidebar-layout":"default","site-content-layout":"","ast-site-content-layout":"default","site-content-style":"default","site-sidebar-style":"default","ast-global-header-display":"","ast-banner-title-visibility":"","ast-main-header-display":"","ast-hfb-above-header-display":"","ast-hfb-below-header-display":"","ast-hfb-mobile-header-display":"","site-post-title":"","ast-breadcrumbs-content":"","ast-featured-img":"","footer-sml-layout":"","ast-disable-related-posts":"","theme-transparent-header-meta":"","adv-header-id-meta":"","stick-header-meta":"","header-above-stick-meta":"","header-main-stick-meta":"","header-below-stick-meta":"","astra-migrate-meta-layouts":"default","ast-page-background-enabled":"default","ast-page-background-meta":{"desktop":{"background-color":"var(--ast-global-color-4)","background-image":"","background-repeat":"repeat","background-position":"center center","background-size":"auto","background-attachment":"scroll","background-type":"","background-media":"","overlay-type":"","overlay-color":"","overlay-opacity":"","overlay-gradient":""},"tablet":{"background-color":"","background-image":"","background-repeat":"repeat","background-position":"center center","background-size":"auto","background-attachment":"scroll","background-type":"","background-media":"","overlay-type":"","overlay-color":"","overlay-opacity":"","overlay-gradient":""},"mobile":{"background-color":"","background-image":"","background-repeat":"repeat","background-position":"center center","background-size":"auto","background-attachment":"scroll","background-type":"","background-media":"","overlay-type":"","overlay-color":"","overlay-opacity":"","overlay-gradient":""}},"ast-content-background-meta":{"desktop":{"background-color":"var(--ast-global-color-5)","background-image":"","background-repeat":"repeat","background-position":"center center","background-size":"auto","background-attachment":"scroll","background-type":"","background-media":"","overlay-type":"","overlay-color":"","overlay-opacity":"","overlay-gradient":""},"tablet":{"background-color":"var(--ast-global-color-5)","background-image":"","background-repeat":"repeat","background-position":"center center","background-size":"auto","background-attachment":"scroll","background-type":"","background-media":"","overlay-type":"","overlay-color":"","overlay-opacity":"","overlay-gradient":""},"mobile":{"background-color":"var(--ast-global-color-5)","background-image":"","background-repeat":"repeat","background-position":"center center","background-size":"auto","background-attachment":"scroll","background-type":"","background-media":"","overlay-type":"","overlay-color":"","overlay-opacity":"","overlay-gradient":""}}},"class_list":["post-3779","testi","type-testi","status-publish","hentry"],"yoast_head":"<!-- This site is optimized with the Yoast SEO plugin v27.5 - https:\/\/yoast.com\/product\/yoast-seo-wordpress\/ -->\n<title>Marco - Windsurfing and Sailing Balaton<\/title>\n<meta name=\"robots\" content=\"index, follow, max-snippet:-1, max-image-preview:large, max-video-preview:-1\" \/>\n<link rel=\"canonical\" href=\"https:\/\/www.wind99.com\/en\/testi\/marco\/\" \/>\n<meta property=\"og:locale\" content=\"en_US\" \/>\n<meta property=\"og:type\" content=\"article\" \/>\n<meta property=\"og:title\" content=\"Marco - Windsurfing and Sailing Balaton\" \/>\n<meta property=\"og:description\" content=\"Hallo liebe Heti und lieber Andreas, vielen Dank f\u00fcr die sch\u00f6ne Zeit bei Euch im Surfkurs. Insbesondere ein Dank f\u00fcr [&hellip;]\" \/>\n<meta property=\"og:url\" content=\"https:\/\/www.wind99.com\/en\/testi\/marco\/\" \/>\n<meta property=\"og:site_name\" content=\"Windsurfing and Sailing Balaton\" \/>\n<meta property=\"article:publisher\" content=\"https:\/\/www.facebook.com\/Sail.and.Surf.Balaton\/\" \/>\n<meta property=\"og:image\" content=\"https:\/\/www.wind99.com\/wp-content\/uploads\/2016\/02\/01.jpg\" \/>\n\t<meta property=\"og:image:width\" content=\"640\" \/>\n\t<meta property=\"og:image:height\" content=\"480\" \/>\n\t<meta property=\"og:image:type\" content=\"image\/jpeg\" \/>\n<meta name=\"twitter:card\" content=\"summary_large_image\" \/>\n<script type=\"application\/ld+json\" class=\"yoast-schema-graph\">{\"@context\":\"https:\\\/\\\/schema.org\",\"@graph\":[{\"@type\":\"WebPage\",\"@id\":\"https:\\\/\\\/www.wind99.com\\\/en\\\/testi\\\/marco\\\/\",\"url\":\"https:\\\/\\\/www.wind99.com\\\/en\\\/testi\\\/marco\\\/\",\"name\":\"Marco - Windsurfing and Sailing Balaton\",\"isPartOf\":{\"@id\":\"https:\\\/\\\/www.wind99.com\\\/en\\\/#website\"},\"datePublished\":\"2016-12-13T13:48:56+00:00\",\"breadcrumb\":{\"@id\":\"https:\\\/\\\/www.wind99.com\\\/en\\\/testi\\\/marco\\\/#breadcrumb\"},\"inLanguage\":\"en-US\",\"potentialAction\":[{\"@type\":\"ReadAction\",\"target\":[\"https:\\\/\\\/www.wind99.com\\\/en\\\/testi\\\/marco\\\/\"]}]},{\"@type\":\"BreadcrumbList\",\"@id\":\"https:\\\/\\\/www.wind99.com\\\/en\\\/testi\\\/marco\\\/#breadcrumb\",\"itemListElement\":[{\"@type\":\"ListItem\",\"position\":1,\"name\":\"Startseite\",\"item\":\"https:\\\/\\\/www.wind99.com\\\/en\\\/\"},{\"@type\":\"ListItem\",\"position\":2,\"name\":\"Marco\"}]},{\"@type\":\"WebSite\",\"@id\":\"https:\\\/\\\/www.wind99.com\\\/en\\\/#website\",\"url\":\"https:\\\/\\\/www.wind99.com\\\/en\\\/\",\"name\":\"Segel- und Surschule am Balaton\",\"description\":\"Segelkurse, Surfkurse, Wingkurse und SUP\",\"publisher\":{\"@id\":\"https:\\\/\\\/www.wind99.com\\\/en\\\/#organization\"},\"potentialAction\":[{\"@type\":\"SearchAction\",\"target\":{\"@type\":\"EntryPoint\",\"urlTemplate\":\"https:\\\/\\\/www.wind99.com\\\/en\\\/?s={search_term_string}\"},\"query-input\":{\"@type\":\"PropertyValueSpecification\",\"valueRequired\":true,\"valueName\":\"search_term_string\"}}],\"inLanguage\":\"en-US\"},{\"@type\":\"Organization\",\"@id\":\"https:\\\/\\\/www.wind99.com\\\/en\\\/#organization\",\"name\":\"Sail and Surf\",\"url\":\"https:\\\/\\\/www.wind99.com\\\/en\\\/\",\"logo\":{\"@type\":\"ImageObject\",\"inLanguage\":\"en-US\",\"@id\":\"https:\\\/\\\/www.wind99.com\\\/en\\\/#\\\/schema\\\/logo\\\/image\\\/\",\"url\":\"https:\\\/\\\/www.wind99.com\\\/wp-content\\\/uploads\\\/2026\\\/04\\\/weiss-durchsichtig.png\",\"contentUrl\":\"https:\\\/\\\/www.wind99.com\\\/wp-content\\\/uploads\\\/2026\\\/04\\\/weiss-durchsichtig.png\",\"width\":1292,\"height\":513,\"caption\":\"Sail and Surf\"},\"image\":{\"@id\":\"https:\\\/\\\/www.wind99.com\\\/en\\\/#\\\/schema\\\/logo\\\/image\\\/\"},\"sameAs\":[\"https:\\\/\\\/www.facebook.com\\\/Sail.and.Surf.Balaton\\\/\"]}]}<\/script>\n<!-- \/ Yoast SEO plugin. -->","yoast_head_json":{"title":"Marco - Windsurfing and Sailing Balaton","robots":{"index":"index","follow":"follow","max-snippet":"max-snippet:-1","max-image-preview":"max-image-preview:large","max-video-preview":"max-video-preview:-1"},"canonical":"https:\/\/www.wind99.com\/en\/testi\/marco\/","og_locale":"en_US","og_type":"article","og_title":"Marco - Windsurfing and Sailing Balaton","og_description":"Hallo liebe Heti und lieber Andreas, vielen Dank f\u00fcr die sch\u00f6ne Zeit bei Euch im Surfkurs. Insbesondere ein Dank f\u00fcr [&hellip;]","og_url":"https:\/\/www.wind99.com\/en\/testi\/marco\/","og_site_name":"Windsurfing and Sailing Balaton","article_publisher":"https:\/\/www.facebook.com\/Sail.and.Surf.Balaton\/","og_image":[{"width":640,"height":480,"url":"https:\/\/www.wind99.com\/wp-content\/uploads\/2016\/02\/01.jpg","type":"image\/jpeg"}],"twitter_card":"summary_large_image","schema":{"@context":"https:\/\/schema.org","@graph":[{"@type":"WebPage","@id":"https:\/\/www.wind99.com\/en\/testi\/marco\/","url":"https:\/\/www.wind99.com\/en\/testi\/marco\/","name":"Marco - Windsurfing and Sailing Balaton","isPartOf":{"@id":"https:\/\/www.wind99.com\/en\/#website"},"datePublished":"2016-12-13T13:48:56+00:00","breadcrumb":{"@id":"https:\/\/www.wind99.com\/en\/testi\/marco\/#breadcrumb"},"inLanguage":"en-US","potentialAction":[{"@type":"ReadAction","target":["https:\/\/www.wind99.com\/en\/testi\/marco\/"]}]},{"@type":"BreadcrumbList","@id":"https:\/\/www.wind99.com\/en\/testi\/marco\/#breadcrumb","itemListElement":[{"@type":"ListItem","position":1,"name":"Startseite","item":"https:\/\/www.wind99.com\/en\/"},{"@type":"ListItem","position":2,"name":"Marco"}]},{"@type":"WebSite","@id":"https:\/\/www.wind99.com\/en\/#website","url":"https:\/\/www.wind99.com\/en\/","name":"Segel- und Surschule am Balaton","description":"Segelkurse, Surfkurse, Wingkurse und SUP","publisher":{"@id":"https:\/\/www.wind99.com\/en\/#organization"},"potentialAction":[{"@type":"SearchAction","target":{"@type":"EntryPoint","urlTemplate":"https:\/\/www.wind99.com\/en\/?s={search_term_string}"},"query-input":{"@type":"PropertyValueSpecification","valueRequired":true,"valueName":"search_term_string"}}],"inLanguage":"en-US"},{"@type":"Organization","@id":"https:\/\/www.wind99.com\/en\/#organization","name":"Sail and Surf","url":"https:\/\/www.wind99.com\/en\/","logo":{"@type":"ImageObject","inLanguage":"en-US","@id":"https:\/\/www.wind99.com\/en\/#\/schema\/logo\/image\/","url":"https:\/\/www.wind99.com\/wp-content\/uploads\/2026\/04\/weiss-durchsichtig.png","contentUrl":"https:\/\/www.wind99.com\/wp-content\/uploads\/2026\/04\/weiss-durchsichtig.png","width":1292,"height":513,"caption":"Sail and Surf"},"image":{"@id":"https:\/\/www.wind99.com\/en\/#\/schema\/logo\/image\/"},"sameAs":["https:\/\/www.facebook.com\/Sail.and.Surf.Balaton\/"]}]}},"uagb_featured_image_src":{"full":false,"thumbnail":false,"medium":false,"medium_large":false,"large":false,"1536x1536":false,"2048x2048":false},"uagb_author_info":{"display_name":"Andreas Novotny","author_link":"https:\/\/www.wind99.com\/en\/author\/"},"uagb_comment_info":0,"uagb_excerpt":"Hallo liebe Heti und lieber Andreas, vielen Dank f\u00fcr die sch\u00f6ne Zeit bei Euch im Surfkurs. Insbesondere ein Dank f\u00fcr [&hellip;]","_links":{"self":[{"href":"https:\/\/www.wind99.com\/en\/wp-json\/wp\/v2\/testi\/3779","targetHints":{"allow":["GET"]}}],"collection":[{"href":"https:\/\/www.wind99.com\/en\/wp-json\/wp\/v2\/testi"}],"about":[{"href":"https:\/\/www.wind99.com\/en\/wp-json\/wp\/v2\/types\/testi"}],"wp:attachment":[{"href":"https:\/\/www.wind99.com\/en\/wp-json\/wp\/v2\/media?parent=3779"}],"curies":[{"name":"wp","href":"https:\/\/api.w.org\/{rel}","templated":true}]}}

<p>Hallo liebe Heti und lieber Andreas, vielen Dank für die schöne Zeit bei Euch im Surfkurs. Insbesondere ein Dank für Eure Geduld im Umgang mit unseren Zwergen. Die Kinder (Lisa, Laura und Maxie) sind auch heut noch begeistert von Ihrem Surfkurs und tragen stolz Ihre Ketten (mit Surfboardanhänger). Für Euch eine schöne Zeit wünschen Lydia,Yvonne,Lars,Laura,Lisa, Maxie und Marco aus Panketal/Vogelsdorf bei Berlin.</p>

<!-- This site is optimized with the Yoast SEO plugin v27.5 - https://yoast.com/product/yoast-seo-wordpress/ -->
<title>Marco - Windsurfing and Sailing Balaton</title>
<meta name="robots" content="index, follow, max-snippet:-1, max-image-preview:large, max-video-preview:-1" />
<link rel="canonical" href="https://www.wind99.com/en/testi/marco/" />
<meta property="og:locale" content="en_US" />
<meta property="og:type" content="article" />
<meta property="og:title" content="Marco - Windsurfing and Sailing Balaton" />
<meta property="og:description" content="Hallo liebe Heti und lieber Andreas, vielen Dank für die schöne Zeit bei Euch im Surfkurs. Insbesondere ein Dank für [&hellip;]" />
<meta property="og:url" content="https://www.wind99.com/en/testi/marco/" />
<meta property="og:site_name" content="Windsurfing and Sailing Balaton" />
<meta property="article:publisher" content="https://www.facebook.com/Sail.and.Surf.Balaton/" />
<meta property="og:image" content="https://www.wind99.com/wp-content/uploads/2016/02/01.jpg" />
	<meta property="og:image:width" content="640" />
	<meta property="og:image:height" content="480" />
	<meta property="og:image:type" content="image/jpeg" />
<meta name="twitter:card" content="summary_large_image" />
<script type="application/ld+json" class="yoast-schema-graph">{"@context":"https:\/\/schema.org","@graph":[{"@type":"WebPage","@id":"https:\/\/www.wind99.com\/en\/testi\/marco\/","url":"https:\/\/www.wind99.com\/en\/testi\/marco\/","name":"Marco - Windsurfing and Sailing Balaton","isPartOf":{"@id":"https:\/\/www.wind99.com\/en\/#website"},"datePublished":"2016-12-13T13:48:56+00:00","breadcrumb":{"@id":"https:\/\/www.wind99.com\/en\/testi\/marco\/#breadcrumb"},"inLanguage":"en-US","potentialAction":[{"@type":"ReadAction","target":["https:\/\/www.wind99.com\/en\/testi\/marco\/"]}]},{"@type":"BreadcrumbList","@id":"https:\/\/www.wind99.com\/en\/testi\/marco\/#breadcrumb","itemListElement":[{"@type":"ListItem","position":1,"name":"Startseite","item":"https:\/\/www.wind99.com\/en\/"},{"@type":"ListItem","position":2,"name":"Marco"}]},{"@type":"WebSite","@id":"https:\/\/www.wind99.com\/en\/#website","url":"https:\/\/www.wind99.com\/en\/","name":"Segel- und Surschule am Balaton","description":"Segelkurse, Surfkurse, Wingkurse und SUP","publisher":{"@id":"https:\/\/www.wind99.com\/en\/#organization"},"potentialAction":[{"@type":"SearchAction","target":{"@type":"EntryPoint","urlTemplate":"https:\/\/www.wind99.com\/en\/?s={search_term_string}"},"query-input":{"@type":"PropertyValueSpecification","valueRequired":true,"valueName":"search_term_string"}}],"inLanguage":"en-US"},{"@type":"Organization","@id":"https:\/\/www.wind99.com\/en\/#organization","name":"Sail and Surf","url":"https:\/\/www.wind99.com\/en\/","logo":{"@type":"ImageObject","inLanguage":"en-US","@id":"https:\/\/www.wind99.com\/en\/#\/schema\/logo\/image\/","url":"https:\/\/www.wind99.com\/wp-content\/uploads\/2026\/04\/weiss-durchsichtig.png","contentUrl":"https:\/\/www.wind99.com\/wp-content\/uploads\/2026\/04\/weiss-durchsichtig.png","width":1292,"height":513,"caption":"Sail and Surf"},"image":{"@id":"https:\/\/www.wind99.com\/en\/#\/schema\/logo\/image\/"},"sameAs":["https:\/\/www.facebook.com\/Sail.and.Surf.Balaton\/"]}]}</script>
<!-- / Yoast SEO plugin. -->

Hallo liebe Heti und lieber Andreas, vielen Dank für die schöne Zeit bei Euch im Surfkurs. Insbesondere ein Dank für [&hellip;]
